2 + 16*u - 4. Let c be k(8). Let t(p) be the third derivative of p**4/24 - p**3/3 - 37*p**2. What is t(c)?
-6
Let q = 32 - 28. Suppose 5*m = 3*r - r - 43, q*m - r = -32. Let c(x) = -x**2 - 8*x - 3. What is c(m)?
4
Let v(q) = q**3 + 5*q**2 - q - 2. Let i be (-5)/(-2)*8/2. Suppose j - i = p, 3*p + 2*j = j - 10. Give v(p).
3
Let q = 1232 + -1229. Let x(o) = 6*o. Calculate x(q).
18
Suppose c - 6*c - l + 30 = 0, c + l - 10 = 0. Let x(z) = z**2 - 4*z + 2. Calculate x(c).
7
Let d(y) = 3*y**3 - 2*y**2 + 5*y + 30. Let w(k) = -k**3 + k**2 - 3*k - 17. Let r(u) = -4*d(u) - 7*w(u). What is r(-2)?
41
Let x(k) = k**3 - 3*k**2 - 3*k + 1. Let y be x(4). Let u(n) = -3*n - 7. Let v(r) = -4*r - 6. Let z(o) = y*u(o) - 4*v(o). What is z(0)?
-11
Let r(t) = t**2 + 6*t. Let m(y) = y**2 - 5*y - 11. Suppose -c - 4*c = -25. Suppose -8*w - 4*u + 22 = -c*w, u + 5 = w. Let z be m(w). Determine r(z).
-5
Let d(h) = 2*h. Let b(p) = p**3 + 6*p**2 + 5*p. Let g be b(-5). Suppose g = -4*z - 2*z - 18. What is d(z)?
-6
Let r be (-2 - (-32)/24)/(2/(-12)). Let f(b) be the first derivative of 4*b - b**3 + 3/2*b**2 - 4 - 1/4*b**r. Determine f(-3).
-5
Let j(p) = -2*p. Let t be 2/(-4)*0/(-3). Suppose -u - 3 = -3. Suppose -4*x + t*x + 32 = 3*q, u = -x - 4*q + 21. What is j(x)?
-10
Let u(n) = -3 + 4*n - 5*n + 5*n + n**2. Let z(g) = -g**3 - 16*g**2 + 16*g - 12. Let d be z(-17). Suppose d*v - 25 = 3*q, -q - 18 + 3 = -5*v. What is u(v)?
9
Let y(x) = -8*x - 16544 + 8*x**2 - x**3 + 16544. Determine y(7).
-7
Let x(n) = -n - 10. Let q = -432 + 428. What is x(q)?
-6
Let a(m) = 5*m + 12. Suppose -14 = -10*k + 17*k. Give a(k).
2
Let k(j) = -5*j**3 - 2*j**2 + j + 2. Let v be k(2). Let o = -43 - v. Let w(q) = -18*q**3 + 2*q**2 - q. Calculate w(o).
-17
Suppose 4*w = 22*n - 17*n - 42, 3*w - n = -37. Let v(j) = j**2 + 13*j. Give v(w).
0
Let v(q) = 2*q + 4. Suppose -7 - 23 = -10*d. Calculate v(d).
10
Let j(w) = w - 5. Let p be j(-4). Let z(g) be the second derivative of g**3/3 + 13*g**2/2 - 126*g - 1. Determine z(p).
-5
Let l(s) = -18*s - 11. Let m(w) = 8*w + 4. Let v(i) = -3*l(i) - 7*m(i). Give v(3).
-1
Let j(x) = -x**3 + 4*x**2 + x + 2. Suppose 4*o - 12*o + 16 = 0. Suppose 0 = o*k + 6 - 16. Calculate j(k).
-18
Let u(m) = -m**3 - 6*m**2 - 6*m - 3. Let o be u(-3). Let d = 18 + o. Let h(g) = 8 - 5 + 1 + g**2 - 8*g - 1. What is h(d)?
-9
Let l = 22 + -10. Suppose 0*m + h = -3*m + l, 2*m - 2*h = 0. Suppose 6*r - m*r = -6. Let z(f) = 2*f**2. Determine z(r).
8
Let j(d) be the third derivative of -d**6/120 + d**5/12 + d**4/12 - 11*d**3/6 + 9*d**2 - 9*d. Calculate j(5).
-1
Let n(b) = -3*b**2 - 5*b - 4. Let q(t) = 7*t**2 + 10*t + 9. Let l(s) = 3*s. Let m be l(-3). Let j(r) = m*n(r) - 4*q(r). Let i = 14 + -9. Determine j(i).
0
Let h(j) be the second derivative of 1/6*j**3 - 4*j**2 - 19*j + 0. Give h(9).
1
Let d(k) be the first derivative of -k**6/10 + k**4/24 - k**3/6 + 9*k**2 + 11. Let f(y) be the second derivative of d(y). Let g be 4/10 + 3/5. Calculate f(g).
-12
Let a(s) = s**2 - s - 2. Let m(v) = -2*v**3 - 2*v**2 - 4. Let t be m(-2). Suppose 0 = -t*n - 12, -2*b + 4*b - 2*n - 2 = 0. Give a(b).
4
Let a(f) = -20*f**2 - 5*f - 9. Let x(y) = -y**2 - y - 2. Let t(r) = a(r) - 5*x(r). Determine t(-1).
-14
Let n(k) = 3*k**3 - 2*k**2 + 3*k - 2. Let j = -1715 - -1717. Calculate n(j).
20
Let v(r) = r**2 - 11*r + 13. Suppose 0*q = -2*q + 50. Suppose -12*k - q = -133. Give v(k).
-5
Suppose 4*f - 2 = -22. Suppose 20 = 2*m + 3*m. Let g(x) = 7 + x + 0 - m + 4. Give g(f).
2
Let d(w) = -w - 2. Let q(x) = -2*x - 2. Let u(b) = -5*d(b) + 2*q(b). Calculate u(-7).
-1
Let d = 1511/10 - 151. Let q(w) be the second derivative of 0*w**2 - 1/3*w**4 - d*w**5 - 1/3*w**3 + 5*w + 0. What is q(-2)?
4
Let l(u) be the first derivative of -2*u**3/3 + u**2 - u + 30. Calculate l(2).
-5
Let u(v) = v - 10. Suppose 2*i - 24 = -4*o, -2*i - o + 20 = 2. Give u(i).
-2
Let h(m) = 17 + 16*m + 8*m + 13*m - 47*m + 7*m. What is h(7)?
-4
Let r(k) = k - 4. Let l(v) be the second derivative of 7*v**3/6 - 25*v**2/2 + 13*v. Let b be l(4). Calculate r(b).
-1
Let w be 4/(-18) + (-154)/(-126). Suppose 2*t - w = -n + 3, -4*t - n = -8. Let j(i) = 0 - i**t + 21*i + 1 + 2 - 27*i. Calculate j(-7).
-4
Let u(s) = -s**3 + 9*s**2 + 10*s - 7. Suppose 4*b = -2*z + 55 + 1, -3*b - 5*z = -28. Suppose 5*n + 3*v - 41 = 0, n - 5*v - 9 = b. What is u(n)?
-7
Let d(n) = -n**2 - n. Let r be d(-3). Suppose -8*v = -3*v - 75. Let o = r + v. Let m(b) = b**2 - 8*b - 3. Calculate m(o).
6
Let p(c) be the second derivative of -c**4/24 - 5*c**3/6 + 19*c**2/2 - 2*c. Let u(h) be the first derivative of p(h). Suppose 2*b = -3*b - 35. Calculate u(b).
2
Suppose 0 = -43*l + 48*l + 10. Let z(k) = 3*k**2 - 3*k - 6. Give z(l).
12
Let z = -5 - -7. Let m(r) = -205*r**3 - 1 - r**2 + 2*r - 207*r**3 + 413*r**3. Calculate m(z).
7
Let n(v) be the third derivative of 5*v**4/24 - v**3/6 - 4*v**2. Let c(r) = r + 5. Let j be c(-6). Determine n(j).
-6
Suppose 4*c = k + k + 18, 3*k = c - 17. Let t(w) = 5*w**3 + 3*w**2 - 7*w + 1. Let b(d) = -d**3 + d. Let o(i) = -6*b(i) - t(i). Give o(c).
-3
Let s(b) = -b**3 - 4*b**2 - b**2 + b - b**2. Suppose 0 = -2*y - 16 + 14. Let a be (3*y)/(11/22). Determine s(a).
-6
Let a(i) = i + 2. Suppose 0 = 12*t - 10*t - 46. Suppose -y - 9 = -5*u + 2*u, 0 = -y - 5*u + t. Calculate a(y).
5
Let r(j) be the second derivative of -4*j**3/3 + 13*j**2/2 + j + 55. Calculate r(2).
-3
Suppose 0 = 13*j - 663 + 702. Let u = -2 - -3. Let t(b) = -b + u - 1 + 1. Give t(j).
4
Let p(a) = -12*a + 258. Let t be p(21). Let n(g) = -16*g + 97. Calculate n(t).
1
Let n(i) be the third derivative of i**4/6 - 2*i**3 + 48*i**2 - 1. Determine n(11).
32
Suppose -6*p + 16 + 92 = 0. Let o = p - 18. Let n(w) = 4 - 2 + 0*w**2 - w**3 - 2*w**2 + o*w**3. Give n(-2).
2
Let d(s) be the first derivative of s**3/3 + 2*s**2 + s + 248. Determine d(-2).
-3
Let t(g) = -g**2 - 4*g - 4*g - 1 - 3*g + 9*g + g**3. Determine t(-1).
-1
Suppose -3*t - u + 64 = 0, 3*u - 36 = -2*t + 4*u. Suppose 0*s = -4*s + t. Let m(r) = -r**2 + 3*r + 5 + r + r. Give m(s).
5
Let g(f) = f + 3*f + 567*f**2 - 2*f - 6*f - 566*f**2 + 1. Determine g(5).
6
Let t = -368 - -371. Let g = 4 + -2. Let j(z) = 6*z**2 + 9 - 2*z**g - 3 + z**t - 6*z. What is j(-5)?
11
Suppose 7*d = -1 + 29. Suppose -2*x + 4*r - 5 = r, 15 = -d*x + r. Let s(n) = -n**3 - 4*n**2 - 3. What is s(x)?
-3
Let v(a) = -a**2 - 3*a - 2. Let k be v(-2). Let x = -63 + 66. Let g(t) = 17*t - x - 7 - 7*t - 9*t. Determine g(k).
-10
Let d(k) = k + 15. Let a(s) = 9*s**3 - 14*s**2 - 13*s + 3. Let t be a(-1). What is d(t)?
8
Let o(h) be the third derivative of h**5/60 + 13*h**4/24 + 14*h**3/3 - 55*h**2. Calculate o(-9).
-8
Let r(x) = -3*x - 13. Suppose 3*j + 2 = -4. Let f = j + -4. Let h(s) = 2*s + 12. Let w(u) = f*h(u) - 5*r(u). Determine w(5).
8
Let d(y) be the third derivative of y**6/120 + 2*y**5/15 + y**4/4 + y**3 + 2*y**2 + 29*y. Calculate d(-7).
13
Let g(f) = 1. Let r(i) = -i. Let t(o) = 4*g(o) + r(o). Let d(v) = -v**2 + 7*v - 14. Let x be d(5). Calculate t(x).
8
Let i = 12 - 7. Let z(t) = -t + 4 + 5 - 19 + 4 + 4*t. Give z(i).
9
Let y(o) = o**2 + 14*o + 13. Let l be y(-13). Suppose l = -4*v - 20, p + 4*v + 20 = -v. Let b(s) be the first derivative of -s**2/2 - s - 15. What is b(p)?
-6
Suppose 16 = 67*s - 63*s. Suppose s*p = 8 + 4, 0 = 3*r + p - 15. Let q(f) = f**2 - 2*f - 4. Determine q(r).
4
Let m(k) = k + 1. Let i(r) = 3*r + 2. Let x(y) = -i(y) + m(y). Calculate x(2).
-5
Let z(c) = 20*c**3 - 21*c**2 - 14*c + 6. Let y(f) = 7*f**3 - 7*f**2 - 5*f + 2. Suppose -111*u = -115*u + 24. Let d(p) = u*z(p) - 17*y(p). Determine d(7).
9
Let v(x) = -19 + 9*x**2 - 57*x - x**3 + 30*x + 21*x. What is v(8)?
-3
Let r(c) = c**2 - c + 2. Let y = 88 - 86. Let j(o) = o**2 - 4*o + 7. Let u be j(y). What is r(u)?
8
Let c be (0 - (-1 + 2))*(1 - -9). Let w be (3*2)/(c + 8). Let b(v) be the third derivative of -v**6/120 - v**5/20 + v**4/6 + 2*v**3/3 + v**2. Give b(w).
-8
Let l(d) be the second derivative of d**5/20 - d**4/3 + 2*d**3/3 + 3*d**2/2 - 4*d + 13. What is l(4)?
19
Let z(h) be the second derivative of h**7/840 - h**6/72 - h**5/30 - h**4/6 - 5*h**3/3 + 4*h. Let b(k) be the second derivative of z(k). Give b(6).
8
Let n = -9 + 12. Suppose 16 = 4*d + 2*a, -n*d + a = -a - 12. Let r(v) = -3*v + 3. Let t(q) = -2*q + 2. Let f(u) = d